{"id":6677,"date":"2022-08-24T03:47:12","date_gmt":"2022-08-24T03:47:12","guid":{"rendered":"https:\/\/www.manomalaxo.fr\/?page_id=36"},"modified":"2025-02-25T21:48:37","modified_gmt":"2025-02-25T20:48:37","slug":"gallery","status":"publish","type":"page","link":"https:\/\/www.manomalaxo.fr\/?page_id=6677","title":{"rendered":"Le salon"},"content":{"rendered":"\t\t<div data-elementor-type=\"wp-page\" data-elementor-id=\"6677\" class=\"elementor elementor-6677\">\n\t\t\t\t\t\t<section class=\"elementor-section elementor-top-section elementor-element elementor-element-db12168 elementor-section-boxed elementor-section-height-default elementor-section-height-default\" data-id=\"db12168\" data-element_type=\"section\" data-e-type=\"section\">\n\t\t\t\t\t\t<div class=\"elementor-container elementor-column-gap-no\">\n\t\t\t\t\t<div class=\"elementor-column elementor-col-100 elementor-top-column elementor-element elementor-element-8bab3fc\" data-id=\"8bab3fc\" data-element_type=\"column\" data-e-type=\"column\">\n\t\t\t<div class=\"elementor-widget-wrap elementor-element-populated\">\n\t\t\t\t\t\t<div class=\"elementor-element elementor-element-75cab1f elementor-widget elementor-widget-mellis_elementor_gallery\" data-id=\"75cab1f\" data-element_type=\"widget\" data-e-type=\"widget\" data-widget_type=\"mellis_elementor_gallery.default\">\n\t\t\t\t<div class=\"elementor-widget-container\">\n\t\t\t\t\t\n\t\t\t        <div class=\"ova-gallery\">\n\t        \t<div class=\"grid\">\n\t        \t\t<div class=\"grid-sizer\"><\/div>\n\t        \t\t\n\t  \t\t\t\t\t  \t\t\t\t\t<div class=\"grid-item elementor-repeater-item-c2f3fc2\">\n\t  \t\t\t\t\t\t<a class=\"gallery-fancybox\" data-src=\"https:\/\/www.manomalaxo.fr\/wp-content\/uploads\/2025\/02\/Manomalaxo-le-salon-massage-thionville-Fauteuils2.jpg\"\n\t  \t\t\t\t\t\t\tdata-fancybox=\"gallery\"\n\t  \t\t\t\t\t\t\tdata-caption=\"Gallery 01\">\n\n\t  \t\t\t\t\t\t\t<img decoding=\"async\" src=\"https:\/\/www.manomalaxo.fr\/wp-content\/uploads\/2025\/02\/Manomalaxo-le-salon-massage-thionville-Fauteuils.jpg\" alt=\"Gallery 01\">\n\t  \t\t\t\t\t\t\t<div class=\"gallery-container\">\n\t\t  \t\t\t\t\t\t\t\t\t  \t\t\t\t\t\t\t\t<div class=\"gallery-icon\">\n\t\t\t  \t\t\t\t\t\t\t\t<i class=\"flaticon flaticon-add\"><\/i>\n\t\t\t  \t\t\t\t\t\t\t<\/div>\n\t\t  \t\t\t\t\t\t\t\t\t  \t\t\t\t\t\t<\/div>\n\t  \t\t\t\t\t\t<\/a>\n\t  \t\t\t\t\t<\/div>\n\t  \t\t\t\t\t  \t\t\t\t\t<div class=\"grid-item elementor-repeater-item-0236b67\">\n\t  \t\t\t\t\t\t<a class=\"gallery-fancybox\" data-src=\"https:\/\/www.manomalaxo.fr\/wp-content\/uploads\/2025\/02\/Manomalaxo-le-salon-massage-thionville-verti-table2.jpg\"\n\t  \t\t\t\t\t\t\tdata-fancybox=\"gallery\"\n\t  \t\t\t\t\t\t\tdata-caption=\"Gallery 02\">\n\n\t  \t\t\t\t\t\t\t<img decoding=\"async\" src=\"https:\/\/www.manomalaxo.fr\/wp-content\/uploads\/2025\/02\/Manomalaxo-le-salon-massage-thionville-verti-table.jpg\" alt=\"Gallery 02\">\n\t  \t\t\t\t\t\t\t<div class=\"gallery-container\">\n\t\t  \t\t\t\t\t\t\t\t\t  \t\t\t\t\t\t\t\t<div class=\"gallery-icon\">\n\t\t\t  \t\t\t\t\t\t\t\t<i class=\"flaticon flaticon-add\"><\/i>\n\t\t\t  \t\t\t\t\t\t\t<\/div>\n\t\t  \t\t\t\t\t\t\t\t\t  \t\t\t\t\t\t<\/div>\n\t  \t\t\t\t\t\t<\/a>\n\t  \t\t\t\t\t<\/div>\n\t  \t\t\t\t\t  \t\t\t\t\t<div class=\"grid-item elementor-repeater-item-6733f74\">\n\t  \t\t\t\t\t\t<a class=\"gallery-fancybox\" data-src=\"https:\/\/www.manomalaxo.fr\/wp-content\/uploads\/2025\/02\/Manomalaxo-le-salon-massage-thionville-rideaux2.jpg\"\n\t  \t\t\t\t\t\t\tdata-fancybox=\"gallery\"\n\t  \t\t\t\t\t\t\tdata-caption=\"Gallery 03\">\n\n\t  \t\t\t\t\t\t\t<img decoding=\"async\" src=\"https:\/\/www.manomalaxo.fr\/wp-content\/uploads\/2025\/02\/Manomalaxo-le-salon-massage-thionville-rideaux.jpg\" alt=\"Gallery 03\">\n\t  \t\t\t\t\t\t\t<div class=\"gallery-container\">\n\t\t  \t\t\t\t\t\t\t\t\t  \t\t\t\t\t\t\t\t<div class=\"gallery-icon\">\n\t\t\t  \t\t\t\t\t\t\t\t<i class=\"flaticon flaticon-add\"><\/i>\n\t\t\t  \t\t\t\t\t\t\t<\/div>\n\t\t  \t\t\t\t\t\t\t\t\t  \t\t\t\t\t\t<\/div>\n\t  \t\t\t\t\t\t<\/a>\n\t  \t\t\t\t\t<\/div>\n\t  \t\t\t\t\t  \t\t\t\t\t<div class=\"grid-item elementor-repeater-item-3dc23cb\">\n\t  \t\t\t\t\t\t<a class=\"gallery-fancybox\" data-src=\"https:\/\/www.manomalaxo.fr\/wp-content\/uploads\/2025\/02\/Manomalaxo-le-salon-massage-thionville-huile2.jpg\"\n\t  \t\t\t\t\t\t\tdata-fancybox=\"gallery\"\n\t  \t\t\t\t\t\t\tdata-caption=\"Gallery 04\">\n\n\t  \t\t\t\t\t\t\t<img decoding=\"async\" src=\"https:\/\/www.manomalaxo.fr\/wp-content\/uploads\/2025\/02\/Manomalaxo-le-salon-massage-thionville-huile.jpg\" alt=\"Gallery 04\">\n\t  \t\t\t\t\t\t\t<div class=\"gallery-container\">\n\t\t  \t\t\t\t\t\t\t\t\t  \t\t\t\t\t\t\t\t<div class=\"gallery-icon\">\n\t\t\t  \t\t\t\t\t\t\t\t<i class=\"flaticon flaticon-add\"><\/i>\n\t\t\t  \t\t\t\t\t\t\t<\/div>\n\t\t  \t\t\t\t\t\t\t\t\t  \t\t\t\t\t\t<\/div>\n\t  \t\t\t\t\t\t<\/a>\n\t  \t\t\t\t\t<\/div>\n\t  \t\t\t\t\t  \t\t\t\t\t<div class=\"grid-item elementor-repeater-item-2859125\">\n\t  \t\t\t\t\t\t<a class=\"gallery-fancybox\" data-src=\"https:\/\/www.manomalaxo.fr\/wp-content\/uploads\/2025\/02\/Manomalaxo-le-salon-massage-thionville-douche-arbre2.jpg\"\n\t  \t\t\t\t\t\t\tdata-fancybox=\"gallery\"\n\t  \t\t\t\t\t\t\tdata-caption=\"Gallery 05\">\n\n\t  \t\t\t\t\t\t\t<img decoding=\"async\" src=\"https:\/\/www.manomalaxo.fr\/wp-content\/uploads\/2025\/02\/Manomalaxo-le-salon-massage-thionville-douche-arbre.jpg\" alt=\"Gallery 05\">\n\t  \t\t\t\t\t\t\t<div class=\"gallery-container\">\n\t\t  \t\t\t\t\t\t\t\t\t  \t\t\t\t\t\t\t\t<div class=\"gallery-icon\">\n\t\t\t  \t\t\t\t\t\t\t\t<i class=\"flaticon flaticon-add\"><\/i>\n\t\t\t  \t\t\t\t\t\t\t<\/div>\n\t\t  \t\t\t\t\t\t\t\t\t  \t\t\t\t\t\t<\/div>\n\t  \t\t\t\t\t\t<\/a>\n\t  \t\t\t\t\t<\/div>\n\t  \t\t\t\t\t  \t\t\t\t\t<div class=\"grid-item elementor-repeater-item-359be0d\">\n\t  \t\t\t\t\t\t<a class=\"gallery-fancybox\" data-src=\"https:\/\/www.manomalaxo.fr\/wp-content\/uploads\/2025\/02\/Manomalaxo-le-salon-massage-thionville-mer-logo2.jpg\"\n\t  \t\t\t\t\t\t\tdata-fancybox=\"gallery\"\n\t  \t\t\t\t\t\t\tdata-caption=\"Gallery 06\">\n\n\t  \t\t\t\t\t\t\t<img decoding=\"async\" src=\"https:\/\/www.manomalaxo.fr\/wp-content\/uploads\/2025\/02\/Manomalaxo-le-salon-massage-thionville-mer-logo.jpg\" alt=\"Gallery 06\">\n\t  \t\t\t\t\t\t\t<div class=\"gallery-container\">\n\t\t  \t\t\t\t\t\t\t\t\t  \t\t\t\t\t\t\t\t<div class=\"gallery-icon\">\n\t\t\t  \t\t\t\t\t\t\t\t<i class=\"flaticon flaticon-add\"><\/i>\n\t\t\t  \t\t\t\t\t\t\t<\/div>\n\t\t  \t\t\t\t\t\t\t\t\t  \t\t\t\t\t\t<\/div>\n\t  \t\t\t\t\t\t<\/a>\n\t  \t\t\t\t\t<\/div>\n\t  \t\t\t\t\t  \t\t\t\t\t<div class=\"grid-item elementor-repeater-item-3e65c7d\">\n\t  \t\t\t\t\t\t<a class=\"gallery-fancybox\" data-src=\"https:\/\/www.manomalaxo.fr\/wp-content\/uploads\/2025\/02\/Manomalaxo-le-salon-massage-thionville-carre-lune-clair2.jpg\"\n\t  \t\t\t\t\t\t\tdata-fancybox=\"gallery\"\n\t  \t\t\t\t\t\t\tdata-caption=\"Gallery 07\">\n\n\t  \t\t\t\t\t\t\t<img decoding=\"async\" src=\"https:\/\/www.manomalaxo.fr\/wp-content\/uploads\/2025\/02\/Manomalaxo-le-salon-massage-thionville-carre-lune-clair.jpg\" alt=\"Gallery 07\">\n\t  \t\t\t\t\t\t\t<div class=\"gallery-container\">\n\t\t  \t\t\t\t\t\t\t\t\t  \t\t\t\t\t\t\t\t<div class=\"gallery-icon\">\n\t\t\t  \t\t\t\t\t\t\t\t<i class=\"flaticon flaticon-add\"><\/i>\n\t\t\t  \t\t\t\t\t\t\t<\/div>\n\t\t  \t\t\t\t\t\t\t\t\t  \t\t\t\t\t\t<\/div>\n\t  \t\t\t\t\t\t<\/a>\n\t  \t\t\t\t\t<\/div>\n\t  \t\t\t\t\t  \t\t\t\t\t<div class=\"grid-item elementor-repeater-item-45b92d7\">\n\t  \t\t\t\t\t\t<a class=\"gallery-fancybox\" data-src=\"https:\/\/www.manomalaxo.fr\/wp-content\/uploads\/2025\/02\/Manomalaxo-le-salon-massage-thionville-hori-table2.jpg\"\n\t  \t\t\t\t\t\t\tdata-fancybox=\"gallery\"\n\t  \t\t\t\t\t\t\tdata-caption=\"Gallery 08\">\n\n\t  \t\t\t\t\t\t\t<img decoding=\"async\" src=\"https:\/\/www.manomalaxo.fr\/wp-content\/uploads\/2025\/02\/Manomalaxo-le-salon-massage-thionville-hori-table.jpg\" alt=\"Gallery 08\">\n\t  \t\t\t\t\t\t\t<div class=\"gallery-container\">\n\t\t  \t\t\t\t\t\t\t\t\t  \t\t\t\t\t\t\t\t<div class=\"gallery-icon\">\n\t\t\t  \t\t\t\t\t\t\t\t<i class=\"flaticon flaticon-add\"><\/i>\n\t\t\t  \t\t\t\t\t\t\t<\/div>\n\t\t  \t\t\t\t\t\t\t\t\t  \t\t\t\t\t\t<\/div>\n\t  \t\t\t\t\t\t<\/a>\n\t  \t\t\t\t\t<\/div>\n\t  \t\t\t\t\t  \t\t\t\t\t<div class=\"grid-item elementor-repeater-item-6f4ec18\">\n\t  \t\t\t\t\t\t<a class=\"gallery-fancybox\" data-src=\"https:\/\/www.manomalaxo.fr\/wp-content\/uploads\/2025\/02\/Manomalaxo-le-salon-massage-thionville-verti-Salle-de-bain2.jpg\"\n\t  \t\t\t\t\t\t\tdata-fancybox=\"gallery\"\n\t  \t\t\t\t\t\t\tdata-caption=\"Gallery 09\">\n\n\t  \t\t\t\t\t\t\t<img decoding=\"async\" src=\"https:\/\/www.manomalaxo.fr\/wp-content\/uploads\/2025\/02\/Manomalaxo-le-salon-massage-thionville-verti-Salle-de-bain.jpg\" alt=\"Gallery 09\">\n\t  \t\t\t\t\t\t\t<div class=\"gallery-container\">\n\t\t  \t\t\t\t\t\t\t\t\t  \t\t\t\t\t\t\t\t<div class=\"gallery-icon\">\n\t\t\t  \t\t\t\t\t\t\t\t<i class=\"flaticon flaticon-add\"><\/i>\n\t\t\t  \t\t\t\t\t\t\t<\/div>\n\t\t  \t\t\t\t\t\t\t\t\t  \t\t\t\t\t\t<\/div>\n\t  \t\t\t\t\t\t<\/a>\n\t  \t\t\t\t\t<\/div>\n\t  \t\t\t\t\t  \t\t\t\t\t<div class=\"grid-item elementor-repeater-item-b8d4c1e\">\n\t  \t\t\t\t\t\t<a class=\"gallery-fancybox\" data-src=\"https:\/\/www.manomalaxo.fr\/wp-content\/uploads\/2025\/02\/Manomalaxo-le-salon-massage-thionville-carre-Lune2.jpg\"\n\t  \t\t\t\t\t\t\tdata-fancybox=\"gallery\"\n\t  \t\t\t\t\t\t\tdata-caption=\"Gallery 10\">\n\n\t  \t\t\t\t\t\t\t<img decoding=\"async\" src=\"https:\/\/www.manomalaxo.fr\/wp-content\/uploads\/2025\/02\/Manomalaxo-le-salon-massage-thionville-carre-Lune.jpg\" alt=\"Gallery 10\">\n\t  \t\t\t\t\t\t\t<div class=\"gallery-container\">\n\t\t  \t\t\t\t\t\t\t\t\t  \t\t\t\t\t\t\t\t<div class=\"gallery-icon\">\n\t\t\t  \t\t\t\t\t\t\t\t<i class=\"flaticon flaticon-add\"><\/i>\n\t\t\t  \t\t\t\t\t\t\t<\/div>\n\t\t  \t\t\t\t\t\t\t\t\t  \t\t\t\t\t\t<\/div>\n\t  \t\t\t\t\t\t<\/a>\n\t  \t\t\t\t\t<\/div>\n\t  \t\t\t\t\t  \t\t\t\t\t<div class=\"grid-item elementor-repeater-item-5bd388a\">\n\t  \t\t\t\t\t\t<a class=\"gallery-fancybox\" data-src=\"https:\/\/www.manomalaxo.fr\/wp-content\/uploads\/2025\/02\/Manomalaxo-le-salon-massage-thionville-oscar2.jpg\"\n\t  \t\t\t\t\t\t\tdata-fancybox=\"gallery\"\n\t  \t\t\t\t\t\t\tdata-caption=\"Gallery 11\">\n\n\t  \t\t\t\t\t\t\t<img decoding=\"async\" src=\"https:\/\/www.manomalaxo.fr\/wp-content\/uploads\/2025\/02\/Manomalaxo-le-salon-massage-thionville-oscar.jpg\" alt=\"Gallery 11\">\n\t  \t\t\t\t\t\t\t<div class=\"gallery-container\">\n\t\t  \t\t\t\t\t\t\t\t\t  \t\t\t\t\t\t\t\t<div class=\"gallery-icon\">\n\t\t\t  \t\t\t\t\t\t\t\t<i class=\"flaticon flaticon-add\"><\/i>\n\t\t\t  \t\t\t\t\t\t\t<\/div>\n\t\t  \t\t\t\t\t\t\t\t\t  \t\t\t\t\t\t<\/div>\n\t  \t\t\t\t\t\t<\/a>\n\t  \t\t\t\t\t<\/div>\n\t  \t\t\t\t\t  \t\t\t\t\t<div class=\"grid-item elementor-repeater-item-bd1516e\">\n\t  \t\t\t\t\t\t<a class=\"gallery-fancybox\" data-src=\"https:\/\/www.manomalaxo.fr\/wp-content\/uploads\/2025\/02\/Manomalaxo-le-salon-massage-thionville-cactus2.jpg\"\n\t  \t\t\t\t\t\t\tdata-fancybox=\"gallery\"\n\t  \t\t\t\t\t\t\tdata-caption=\"Gallery 12\">\n\n\t  \t\t\t\t\t\t\t<img decoding=\"async\" src=\"https:\/\/www.manomalaxo.fr\/wp-content\/uploads\/2025\/02\/Manomalaxo-le-salon-massage-thionville-cactus.jpg\" alt=\"Gallery 12\">\n\t  \t\t\t\t\t\t\t<div class=\"gallery-container\">\n\t\t  \t\t\t\t\t\t\t\t\t  \t\t\t\t\t\t\t\t<div class=\"gallery-icon\">\n\t\t\t  \t\t\t\t\t\t\t\t<i class=\"flaticon flaticon-add\"><\/i>\n\t\t\t  \t\t\t\t\t\t\t<\/div>\n\t\t  \t\t\t\t\t\t\t\t\t  \t\t\t\t\t\t<\/div>\n\t  \t\t\t\t\t\t<\/a>\n\t  \t\t\t\t\t<\/div>\n\t  \t\t\t\t\t  \t\t\t\t\t<div class=\"grid-item elementor-repeater-item-f24fd10\">\n\t  \t\t\t\t\t\t<a class=\"gallery-fancybox\" data-src=\"https:\/\/www.manomalaxo.fr\/wp-content\/uploads\/2025\/02\/Manomalaxo-le-salon-massage-thionville-table-rose2.jpg\"\n\t  \t\t\t\t\t\t\tdata-fancybox=\"gallery\"\n\t  \t\t\t\t\t\t\tdata-caption=\"Gallery 13\">\n\n\t  \t\t\t\t\t\t\t<img decoding=\"async\" src=\"https:\/\/www.manomalaxo.fr\/wp-content\/uploads\/2025\/02\/Manomalaxo-le-salon-massage-thionville-table-rose.jpg\" alt=\"Gallery 13\">\n\t  \t\t\t\t\t\t\t<div class=\"gallery-container\">\n\t\t  \t\t\t\t\t\t\t\t\t  \t\t\t\t\t\t\t\t<div class=\"gallery-icon\">\n\t\t\t  \t\t\t\t\t\t\t\t<i class=\"flaticon flaticon-add\"><\/i>\n\t\t\t  \t\t\t\t\t\t\t<\/div>\n\t\t  \t\t\t\t\t\t\t\t\t  \t\t\t\t\t\t<\/div>\n\t  \t\t\t\t\t\t<\/a>\n\t  \t\t\t\t\t<\/div>\n\t  \t\t\t\t\t        \t<\/div>\n\n\t\t\t<\/div>\n\t\t\t\t\t\t<\/div>\n\t\t\t\t<\/div>\n\t\t\t\t\t<\/div>\n\t\t<\/div>\n\t\t\t\t\t<\/div>\n\t\t<\/section>\n\t\t<div class=\"elementor-element elementor-element-53255e6f e-flex e-con-boxed e-con e-parent\" data-id=\"53255e6f\" data-element_type=\"container\" data-e-type=\"container\">\n\t\t\t\t\t<div class=\"e-con-inner\">\n\t\t\t\t<div class=\"elementor-element elementor-element-17ea406d elementor-widget elementor-widget-text-editor\" data-id=\"17ea406d\" data-element_type=\"widget\" data-e-type=\"widget\" data-widget_type=\"text-editor.default\">\n\t\t\t\t<div class=\"elementor-widget-container\">\n\t\t\t\t\t\t\t\t\t<p><\/p><h6 class=\"wp-block-heading\"><span style=\"color: #ffffff;\">Nuage de mots : Massage aux Huiles &#8211; Massage Thionville &#8211; Massage Luxembourg &#8211; Massage tha\u00eflandais &#8211; Massage californien &#8211; Massage d\u00e9tente &#8211; Massage int\u00e9gral &#8211; Massages Thionville &#8211; Massages Luxembourg &#8211; Massage Dudelange &#8211; Massage Bettembourg &#8211; Massage Esch &#8211; Massage Villerupt &#8211; Statistiques Google : massage tantrique &#8211; massage tantric &#8211; massage Thionville erotique &#8211; massage \u00e9rotique &#8211; massage \u00e9rotic &#8211; massage tantrique moselle &#8211; massage sensuel &#8211; massage naturiste moselle &#8211; massage \u00e9rotique massage naturiste &#8211; massage tantrique Thionville &#8211; massage 4 mains &#8211; massage nuru<\/span><\/h6><p> <\/p><p>\u00a0<\/p><p><\/p>\t\t\t\t\t\t\t\t<\/div>\n\t\t\t\t<\/div>\n\t\t\t\t\t<\/div>\n\t\t\t\t<\/div>\n\t\t\t\t<\/div>\n\t\t","protected":false},"excerpt":{"rendered":"<p>Nuage de mots : Massage aux Huiles &#8211; Massage Thionville &#8211; Massage Luxembourg &#8211; Massage tha\u00eflandais &#8211; Massage californien &#8211; Massage d\u00e9tente &#8211; Massage int\u00e9gral &#8211; Massages Thionville &#8211; Massages Luxembourg &#8211; Massage Dudelange &#8211; Massage Bettembourg &#8211; Massage Esch &#8211; Massage Villerupt &#8211; Statistiques Google : massage tantrique &#8211; massage tantric &#8211; massage Thionville [&hellip;]<\/p>\n","protected":false},"author":1,"featured_media":0,"parent":0,"menu_order":2,"comment_status":"closed","ping_status":"closed","template":"elementor_header_footer","meta":{"footnotes":""},"class_list":["post-6677","page","type-page","status-publish","hentry"],"_links":{"self":[{"href":"https:\/\/www.manomalaxo.fr\/index.php?rest_route=\/wp\/v2\/pages\/6677","targetHints":{"allow":["GET"]}}],"collection":[{"href":"https:\/\/www.manomalaxo.fr\/index.php?rest_route=\/wp\/v2\/pages"}],"about":[{"href":"https:\/\/www.manomalaxo.fr\/index.php?rest_route=\/wp\/v2\/types\/page"}],"author":[{"embeddable":true,"href":"https:\/\/www.manomalaxo.fr\/index.php?rest_route=\/wp\/v2\/users\/1"}],"replies":[{"embeddable":true,"href":"https:\/\/www.manomalaxo.fr\/index.php?rest_route=%2Fwp%2Fv2%2Fcomments&post=6677"}],"version-history":[{"count":23,"href":"https:\/\/www.manomalaxo.fr\/index.php?rest_route=\/wp\/v2\/pages\/6677\/revisions"}],"predecessor-version":[{"id":7569,"href":"https:\/\/www.manomalaxo.fr\/index.php?rest_route=\/wp\/v2\/pages\/6677\/revisions\/7569"}],"wp:attachment":[{"href":"https:\/\/www.manomalaxo.fr\/index.php?rest_route=%2Fwp%2Fv2%2Fmedia&parent=6677"}],"curies":[{"name":"wp","href":"https:\/\/api.w.org\/{rel}","templated":true}]}}